n base 10, what is 3 - -558769?
558772
In base 16, what is -402 - 16b6?
-1ab8
In base 11, what is -51720 - -46?
-51685
In base 8, what is 14126250 + -45?
14126203
In base 2, what is 0 - 110100111110001010101111?
-110100111110001010101111
In base 8, what is -262777501 + -3?
-262777504
In base 13, what is -140 + 15a659?
15a519
In base 11, what is -34a + -7286a?
-73109
In base 6, what is -50535 + 121515?
30540
In base 15, what is -8e - 16960?
-169ee
In base 3, what is 101 + 1120222201122?
1120222202000
In base 9, what is -72432717 + -3?
-72432721
In base 8, what is 143731612 - -3?
143731615
In base 9, what is -14 - -6855485?
6855471
In base 16, what is 58a + a4e2?
aa6c
In base 6, what is -21433014 + 140?
-21432434
In base 16, what is 147e14c9 + -2?
147e14c7
In base 7, what is -1165 + 46635?
45440
In base 4, what is 1032033000 + -10?
1032032330
In base 16, what is 3 - -127a44?
127a47
In base 11, what is -19 - 3029a159?
-3029a177
In base 11, what is -12 - 9877607?
-9877619
In base 10, what is 49 + 227676?
227725
In base 6, what is 1244211235 - 2?
1244211233
In base 12, what is 748 + 5ba06?
60552
In base 2, what is 1110110010 + 100001100101?
110000010111
In base 15, what is 2ec + 83176?
83473
In base 10, what is -22 + 36857181?
36857159
In base 8, what is 61401372 - -2?
61401374
In base 12, what is -1a9496 - 12?
-1a94a8
In base 11, what is 13306 - 68?
13249
In base 9, what is 1888 - 17611?
-15612
In base 9, what is -1688557 - -482?
-1688065
In base 11, what is 913a38a + -4?
913a386
In base 16, what is 5 + 341c665?
341c66a
In base 10, what is 24 + 119966?
119990
In base 7, what is -544516311 + -4?
-544516315
In base 2, what is 100 - 110001001001111011100110111?
-110001001001111011100110011
In base 12, what is b + -1347a00?
-13479b1
In base 16, what is -d78d - 4ada?
-12267
In base 11, what is 39919a35 - 5?
39919a30
In base 14, what is -38d00 + 35c?
-38982
In base 16, what is -a68f7f7 + 0?
-a68f7f7
In base 8, what is 1 + -12715171?
-12715170
In base 2, what is -10 - -111110010000100111000111?
111110010000100111000101
In base 7, what is -1321120 + -1?
-1321121
In base 2, what is -1111010111000101100011 + 10010?
-1111010111000101010001
In base 4, what is -30210012 + -2230032?
-33100110
In base 6, what is -2102233 - 12?
-2102245
In base 5, what is 22031331030 + 2?
22031331032
In base 8, what is -113 - 141556?
-141671
In base 10, what is -1 + 2293592?
2293591
In base 15, what is -eb22 + 104?
-ea1d
In base 10, what is -15 + -1027?
-1042
In base 3, what is -2 + 1001221101021020?
1001221101021011
In base 14, what is -64412b - c?
-644139
In base 8, what is -17 + 135762501?
135762462
In base 4, what is -21122133 - 102203?
-21231002
In base 13, what is 2c0 + 1b53a?
1b82a
In base 9, what is 0 + -263084208?
-263084208
In base 10, what is -188 + 2581532?
2581344
In base 8, what is 1574 + 2611114?
2612710
In base 9, what is -77058 + 146?
-76812
In base 8, what is -6527 + -14635?
-23364
In base 4, what is 301 + -2102023003?
-2102022102
In base 16, what is 6 + -1e5f6f0?
-1e5f6ea
In base 11, what is -5a + -1075092?
-1075141
In base 8, what is -27154 + 34226?
5052
In base 9, what is 14 - -6321006?
6321021
In base 9, what is -24633 + 6222?
-17411
In base 10, what is 6291 + 292?
6583
In base 10, what is -1197614 - 3?
-1197617
In base 6, what is 43051 + 25443?
112534
In base 9, what is 324 + -125283?
-124858
In base 15, what is -83 - 19dd08?
-19dd8b
In base 6, what is -344320533 - 0?
-344320533
In base 9, what is 622680 - 3121?
618558
In base 6, what is -1434223045 + 4?
-1434223041
In base 12, what is 49003a5 + -18?
4900389
In base 9, what is 268 + -147822?
-147543
In base 16, what is 11546 + -e3?
11463
In base 7, what is 300044541 - 5?
300044533
In base 12, what is -60720965 + 0?
-60720965
In base 16, what is -299 - 3956?
-3bef
In base 3, what is 222201020001002 + 11?
222201020001020
In base 14, what is 4 + -b68060?
-b6805a
In base 13, what is bb5 - 2851a?
-27635
In base 12, what is 4 + 17104113?
17104117
In base 11, what is 22902 - -1630?
24432
In base 7, what is -14461 + 413022?
365231
In base 5, what is 13 + 134011032100?
134011032113
In base 16, what is -14 + 96d019?
96d005
In base 16, what is -7eb7b1 + -4?
-7eb7b5
In base 4, what is -13030023210 + 223?
-13030022321
In base 12, what is 5 + -5405b71?
-5405b68
In base 3, what is 1 + 21110111102010101?
21110111102010102
In base 12, what is -3 - 2333233?
-2333236
In base 11, what is 4064 - 83a0?
-4337
In base 6, what is 2 - 2224203024?
-2224203022
In base 2, what is 10000010001100101 - 11101010100?
1111110100010001
In base 14, what is -368 - 48622?
-4898a
In base 16, what is 7 + -230f58?
-230f51
In base 14, what is -17 + -2216c09?
-2216c22
In base 14, what is 5a913b - 12d?
5a900c
In base 9, what is 626024 + 350?
626374
In base 5, what is -212 + -42402031?
-42402243
In base 2, what is -1 - -10000001110101000100?
10000001110101000011
In base 6, what is 34 + 10441155252?
10441155330
In base 6, what is -225 - -4004515?
4004250
In base 6, what is 112 - 433250?
-433134
In base 4, what is 1120 + 2122212221?
2122220001
In base 4, what is -22301030103332 - 11?
-22301030110003
In base 3, what is -11111 + 101210002012?
101202220201
In base 16, what is -91266 - -42e?
-90e38
In base 11, what is -13 + 3a3a17?
3a3a04
In base 6, what is 1053150 - -225?
1053415
In base 12, what is -141274a78 + 0?
-141274a78
In base 12, what is 24793b - -4?
247943
In base 9, what is 13 - 100262842?
-100262828
In base 2, what is 100010101010 + -100?
100010100110
In base 14, what is -454b29 + -3?
-454b2c
In base 11, what is -9597 - 2983?
-1146a
In base 8, what is 3255402 + 221?
3255623
In base 16, what is a51ce2 + -2?
a51ce0
In base 6, what is -3104210230 + -4?
-3104210234
In base 13, what is 10871 - 2a1?
105a0
In base 7, what is -33205443 + -22?
-33205465
In base 10, what is -3 + 934600?
934597
In base 14, what is -4109 - -63?
-4086
In base 12, what is 351 - -20b?
560
In base 15, what is -12755 - -1e?
-12736
In base 3, what is 11111222121 + -101112?
11111121002
In base 2, what is -100101100 + 1010110111000000?
1010110010010100
In base 15, what is -441aa24 - -3?
-441aa21
In base 12, what is -bb8 + 112b2?
102b6
In base 12, what is 9 - 21462a?
-214621
In base 2, what is 1100 + 100110010110100001?
100110010110101101
In base 2, what is 11000011010 + 1001100011110001011?
1001100110110100101
In base 9, what is 2 + 48062534?
48062536
In base 11, what is a36 - 13423?
-12498
In base 10, what is 3 - -270526789?
270526792
In base 12, what is -197a - -252aa?
23530
In base 11, what is 176 + 1080?
1246
In base 9, what is -2 + -27378600?
-27378602
In base 13, what is 4a - -53bb77?
53bbc4
In base 9, what is 348 + -2610?
-2251
In base 8, what is -24055 + -64752?
-111027
In base 7, what is 612654331 - 0?
612654331
In base 8, what is 11 + -152220141?
-152220130
In base 12, what is 1ab60 - 240?
1a920
In base 8, what is -1373444714 - 5?
-1373444721
In base 2, what is 101 + 10001000000110110101011?
10001000000110110110000
In base 13, what is 2246 - -181b?
3a64
In base 5, what is -2241320 - 222420?
-3014240
In base 12, what is b2 + -17b99?
-17aa7
In base 15, what is cc52 - -a7?
cd09
In base 4, what is -1212033 - -310201?
-301232
In base 8, what is -5 - 626550706?
-626550713
In base 16, what is 16af7f + -246?
16ad39
In base 5, what is -111 - -4012?
3401
In base 11, what is -9 + -83a1021?
-83a102a
In base 2, what is -111011001110110000000 - -11000111?
-111011001110010111001
In base 13, what is -5 - -1426ba1?
1426b99
In base 12, what is a80342 - 0?
a80342
In base 6, what is -514502 - -222?
-514240
In base 11, what is 59a383 - -63?
59a436
In base 10, what is 2131840 + 22?
2131862
In base 16, what is -467fe - 3d?
-4683b
In base 4, what is 132032 + 1132223?
1330321
In base 13, what is 34a4 - abb?
26b6
In base 7, what is 5 - -362632136?
362632144
In base 12, what is 0 - -64a913?
64a913
In base 7, what is -42253105 + -3?
-42253111
In base 15, what is -e0cb697 + -5?
-e0cb69c
In base 4, what is -20 + 31001303132?
31001303112
In base 10, what is -129370 + -21?
-129391
In base 2, what is 1101111000 - 10110111111?
-1001000111
In base 15, what is -ccbae4 + 2?
-ccbae2
In base 6, what is 321 + -252153313?
-252152552
In base 12, what is -1a587427 + 0?
-1a587427
In base 9, what is 7624 + 345?
